5)*10 is divided by p(1).
4
Let y = -1150 + 1262. Calculate the remainder when y is divided by 100.
12
Suppose -5*i + 124 = r - 3*i, -r - 3*i = -129. Let x = -99 + r. Suppose 0 = 5*t - t - 116. Calculate the remainder when t is divided by x.
14
Let j(q) = -242*q. Let a be j(-1). Suppose 2*m + 1 = 5, -4*m - a = -5*o. Calculate the remainder when o is divided by 9.
5
Suppose 4*x - 223 = -75. Calculate the remainder when x is divided by -6 - (-16 + 0 + -7 - -4).
11
Suppose 2*k + 3 = 11. Suppose k = -f + 61. Suppose -2*q = 2*r - 5*r + 95, 5*q = -2*r + f. Calculate the remainder when 59 is divided by r.
28
Suppose -27*q = -20*q - 98. Calculate the remainder when 17 is divided by q.
3
Let c = -7 + 15. Suppose 7*j - c*j = -47. What is the remainder when j is divided by -2*1/(-2)*13?
8
Suppose -4*r + 9 = 4*z - 5*z, 5*r = z + 12. Suppose -b = -z + 1. What is the remainder when 8 is divided by b?
0
Suppose 3*w - 228 = -d, 18 = 3*d + 9. Calculate the remainder when w is divided by 33.
9
Let l(c) = 2*c**2 - 26*c + 329. Calculate the remainder when l(29) is divided by 28.
25
Suppose -2*k - 2*k = -d, -d + 5 = k. Suppose k = -2*b + 9. Suppose b*t = t + 126. Calculate the remainder when t is divided by 15.
12
Calculate the remainder when (80 - -3)*(-4 - -3 - -2) is divided by 8.
3
Suppose 27*j - 4 = 23*j. Calculate the remainder when 7 is divided by -5*(-4 - (46/(-10) + j)).
1
What is the remainder when 111*(1 + 4/(-6)) is divided by (-15)/(27/72*-4)?
7
Let h(k) = -k**3 - 6*k**2 + 2*k - 6. Let m be h(-6). Let s = m + 28. Calculate the remainder when 36 is divided by s.
6
Let f(g) be the third derivative of g**4/4 - g**3/6 - 2*g**2. Calculate the remainder when 24 is divided by f(1).
4
Calculate the remainder when 129 is divided by 168/5 - 126/210.
30
What is the remainder when 69 is divided by (-494)/(-39)*3/1?
31
Suppose 0 = -u + 6*u - 265. Let w = 12 + 2. Suppose 41 = 4*p + 3*v, -w = 3*p - v - 61. Calculate the remainder when u is divided by p.
11
Let v = 11 - 9. Suppose u - 273 = -0*u. Suppose -5*q - v*o + u = 0, 2*o + 45 = q - 0*o. Calculate the remainder when q is divided by 14.
11
Let p(i) be the third derivative of -i**5/60 + i**4/3 - i**3/3 - 2*i**2. Calculate the remainder when 2 + 60/(2 + 2) is divided by p(6).
7
Let u(c) = -c**3 - 18*c**2 + 19*c - 3. Let b be u(-19). Calculate the remainder when -3*(-74)/b*-2 is divided by 30.
28
Suppose -4*q + 3*q = -4*b - 2, 0 = -4*q + 2*b + 22. What is the remainder when 28 is divided by (-40)/(-60) + 44/q?
4
Let c(u) = u**3 + 9*u**2 + 13*u + 21. Suppose t - 48 = -2*t + 3*a, 4*a + 51 = 3*t. What is the remainder when c(-6) is divided by t?
12
Suppose 6*d - 6 = 4*d. Suppose 0 = -0*h + h + 2*n - 36, 0 = d*h - 3*n - 63. Let r = -17 + h. Calculate the remainder when r is divided by 5.
4
Suppose 1121*z - 1113*z - 1848 = 0. Calculate the remainder when z is divided by 18.
15
Calculate the remainder when 20 - (-2 - (7 + -7)) is divided by 5.
2
Suppose 0 = -2*q - 8*d + 3*d, 12 = -2*q + d. Let r be -1*(1 - -2) - q. Suppose 0*p = -r*p + 30. What is the remainder when 40 is divided by p?
10
Suppose u - 5*u + 132 = 0. Calculate the remainder when -12 + -45*(84/35)/(-1) is divided by u.
30
Let r = -10 + 13. Suppose 2*x = 3*k, -3*k - r*x = -0*k. Suppose 2*z - c - 48 = k, -3*z + 5 = 3*c - 76. Calculate the remainder when 74 is divided by z.
24
Let q = 382 + -341. What is the remainder when q is divided by (-2)/9 - (-600)/27?
19
Suppose 17*m = -16*m + 1584. Suppose 4*g - 360 = -0*g. Suppose 3*j = -3*k + g, 0 = -4*j + 2*k - k + 95. What is the remainder when m is divided by j?
23
Suppose -7*z + 179 + 59 = 0. Let m be (-3 - 1)*(-67 + 0). Suppose -p - m = -3*p. Calculate the remainder when p is divided by z.
32
Suppose -9*z - 198 + 540 = 0. Calculate the remainder when z is divided by 18.
2
Suppose -10*g - 2510 = -5*r - 5*g, 5*r = -5*g + 2470. Calculate the remainder when r is divided by 25.
23
What is the remainder when 117 is divided by -2 + -3 + (-1 - (-16 + -5))?
12
Let d(z) be the second derivative of -z**5/20 - z**4/2 - z**3/2 + 9*z**2/2 + 11*z. Calculate the remainder when d(-7) is divided by 10.
9
Suppose -10 = k - 3*k. Calculate the remainder when (103/k - -3) + (-2)/(-5) is divided by 14.
10
Suppose 40 = p + 8. Let s = -30 + p. Calculate the remainder when 5 is divided by s.
1
Suppose 4*g - 3*h = 145, 0 = -5*g - 3*h - 2*h + 155. What is the remainder when 96 is divided by g?
28
Let c = -284 - -284. Let j(o) = o**3 + o**2 - 1. Let g(l) = 6*l**3 + 4*l**2 + 10. Let z(p) = g(p) - 5*j(p). What is the remainder when 42 is divided by z(c)?
12
Let v(j) = -j**2 - 7*j + 24. Let s(b) = b**2 - 9*b + 9. Let h be s(6). Calculate the remainder when 9 is divided by v(h).
3
Let b = 7609 + -4539. What is the remainder when b is divided by 128?
126
Let l(n) = 244*n**2 + 50*n - 49. Calculate the remainder when l(1) is divided by 21.
14
Suppose -13*y + 0*y = -182. Calculate the remainder when 94 is divided by y.
10
Suppose -4*t + 0*n = -3*n + 128, -4*n = t + 51. Let m = t - -54. Suppose -4*y + 41 = h, 4*y - 36 = y + h. What is the remainder when m is divided by y?
8
Suppose 0 = -3*v - p + 76, -2*p - 56 = -v - v. Suppose -v = -2*i + 36. What is the remainder when 61 is divided by i?
30
Suppose -3*q - 5*b + b + 25 = 0, -3*q = b - 31. Suppose 2*n - 30 = -8. Suppose 4*w + 9 = -6*y + 5*y, y - n = w. What is the remainder when q is divided by y?
4
Suppose 28 = 3*j - 92. Let q be (j/6)/(2/36). Suppose 0*d + q = 4*d. What is the remainder when d is divided by 16?
14
Suppose 3*w - 16 = 6*s - s, 4 = 3*w + s. Suppose w*r = 4*j - 54, -9 = -3*j + 2*j + 2*r. Calculate the remainder when j is divided by 8.
7
Let c(l) = -12*l + 4. Let k = -2248 - -2270. Calculate the remainder when c(-3) is divided by k.
18
Suppose 0 = -4*x - 2*u + 456, -5*x + 318 = u - 252. What is the remainder when x is divided by -2*(-29)/2 - 0?
27
Let g(t) = 2*t**2 - 2*t. Let s = 14 - 12. Suppose 5*k - 3*w = -17 + 47, s*w = -4*k + 24. What is the remainder when k is divided by g(2)?
2
Let t = 698 + -513. Calculate the remainder when t is divided by 17.
15
What is the remainder when (78 - -1023)*(5/3 - 1) is divided by 67?
64
Suppose -5*o + 15 = -2*o. Suppose o*p = -2 + 42. What is the remainder when p is divided by (6 - 4) + 0/1?
0
Calculate the remainder when 9 is divided by (-7)/(-28)*4 + 3.
1
Suppose -1677 - 1683 = -60*k. Calculate the remainder when 109 is divided by k.
53
Let g = -447 + 455. Calculate the remainder when 46 is divided by g.
6
Let p(j) = -j**3 + 4*j**2 + 1. Let u(x) = -x**2 + 7*x. Let g be u(8). Let q be (2/3)/(g/(-36)). Calculate the remainder when 37 is divided by p(q).
7
Suppose -5 = -0*h - h. Let x = 125 - 46. Suppose -h*o + 71 + x = 0. What is the remainder when 87 is divided by o?
27
Suppose -2*s + 384 = -4*c, s - 5*c - 186 = -c. Suppose 3*f + x = 7*f - s, 3*f - 143 = -2*x. Suppose 3*q - 2 = f. Calculate the remainder when q is divided by 5.
2
Suppose -h - 10 = -2*h. What is the remainder when (-1 - -4)/(-3) + 312/4 is divided by h?
7
Let j(v) be the second derivative of -v**3/3 + 3*v**2/2 + 7*v. What is the remainder when j(-3) is divided by 4?
1
Suppose -5*p + 52 = 3*l - 82, 4*l - 167 = 5*p. Calculate the remainder when 168 is divided by l.
39
Let z(p) = -p**3 + 3*p**2 - 5*p + 2. Suppose -85 = -3*t - k, 0*t + 2*t - 62 = -2*k. What is the remainder when z(-4) is divided by t?
26
Suppose 154 = 3*d + 2*k, 0 = -7*k + 12*k - 10. What is the remainder when 94 is divided by d?
44
Suppose 5*v + 102 = 3*n, 0*n = n + 3*v - 34. What is the remainder when 28 is divided by -2 + 0 + n/2?
13
Let n(i) = 2*i**3 + 12*i**2 - 4*i - 9. Calculate the remainder when 178 is divided by n(-6).
13
Suppose v = -5*d + 493, -5*d - 2*v + 6*v = -478. Suppose -2*r = -4*r - 138. Let q = r + d. What is the remainder when q is divided by 16?
13
Let k = 36 - 9. Calculate the remainder when k + -9 + (-8)/(-2) is divided by 3.
1
Suppose 2*y = 64 + 2. Suppose -2*v + 2*t - 28 = -0*t, 0 = -2*v + t - 26. Calculate the remainder when y is divided by -4*(-4 - 27/v).
5
Let r(u) = -u**2 + 14*u + 46. Calculate the remainder when 90 is divided by r(15).
28
Let o(n) = -n**3 - 25*n**2 + 7*n - 27. Let l be o(-25). Let p = 390 + l. What is the remainder when p is divided by 38?
36
Suppose -2*o - 50 = -7*o